**2 - 6*i + 1. Suppose -5*b = 8 + 7. Let s(j) = -j**2 + j - 1. Let q(f) = b*s(f) - h(f). List the prime factors of q(-2).
2, 3
Let r = 465 + -230. List the prime factors of r.
5, 47
Suppose 8 = q - 3*o, q = 3*q + 3*o + 2. Suppose -q*z + 1 = -37. What are the prime factors of z?
19
Let x = 192 + -134. List the prime factors of x.
2, 29
Let i be (2 + 3 + -3)*-3. Let c = -4 - i. What are the prime factors of c?
2
Suppose 21 = 2*q + 5*f, q - 2*f + 1 = -2. Suppose -7 = -m - q. What are the prime factors of m?
2
Let v(j) = 16*j**3 - j**2 + 2*j - 4. List the prime factors of v(3).
5, 17
Suppose -3*q + 28 = -2*q. List the prime factors of q.
2, 7
Suppose -4*q = 2*w - 62, 2*q - 1 = w + 4*w. What are the prime factors of q?
13
Suppose 4*c - h - 155 = 0, 3*c = 5*h + 51 + 78. What are the prime factors of c?
2, 19
Let b = 0 - -18. Let f = -34 + 26. Let r = f + b. List the prime factors of r.
2, 5
Let m = 2 + -14. Let c = 51 + m. What are the prime factors of c?
3, 13
Suppose -3*z = 5 - 17. Let u = 6 - z. Let b = u + 2. List the prime factors of b.
2
Let r = -2 - 1. Let a be -6*(r - (-3 + 6)). Let u = -24 + a. What are the prime factors of u?
2, 3
Suppose 9 = 3*i - 9. Let k = 6 - i. What are the prime factors of (-1)/(-1) + (k - -7)?
2
List the prime factors of (-7146)/(-126) + 2/7.
3, 19
Let h = 19 - -2. Suppose -5*m - 3*v + 45 - 5 = 0, 2*v + h = m. What are the prime factors of m?
11
Suppose 2*w + 3*w = -4*j + 433, w = 3*j + 79. What are the prime factors of w?
5, 17
Suppose -4*w - 63 = -5*i, w + w - 5*i = -19. Let c = w - -51. What are the prime factors of (-12)/8 - c/(-2)?
13
Let s(n) = -41*n. Let u(v) = v**2 + 5*v - 1. Let i be u(-5). Let g be s(i). Suppose 5*d = 4*f - g, 5*f + 3*d = -0 + 5. List the prime factors of f.
2
Let d(f) = f**3 - 9*f**2 + 9*f - 3. Let w be d(8). Suppose z + 0*z - 27 = -w*s, 3*s - 6 = -4*z. What are the prime factors of s?
2, 3
Let i(v) = -4*v**3 - 8 + 3*v**3 + 0*v**3 - v**2. Let j be i(0). List the prime factors of (j/12)/((-2)/6).
2
Suppose -4*c + 60 = -0*c. Let u = 30 - 9. Let a = u - c. What are the prime factors of a?
2, 3
Let y = 21 + -19. Suppose y*x + 102 = 4*x. List the prime factors of x.
3, 17
Let d = 522 + -271. What are the prime factors of d?
251
Suppose 2*p - 42 = -j, -3*j = 5*p + 2*j - 110. Let k be (12/(-10))/(6/p). List the prime factors of (-38)/k - 1/2.
3
Let g = 5 - -27. What are the prime factors of g?
2
Let v be (-6)/(-9) - (-165)/9. Let s = v - 6. What are the prime factors of s?
13
Suppose 2*n = 5*n - 168. What are the prime factors of n?
2, 7
Let n(s) = -s**2 - s + 13. Let o be (1 - 1)/(9 + -7). List the prime factors of n(o).
13
Let h(l) be the third derivative of l**5/60 + 2*l**3/3 + 9*l**2. What are the prime factors of h(2)?
2
Let o = 0 + 3. Suppose 0 = -2*n + o*i + 53, n - i = -4*n + 100. List the prime factors of n.
19
Suppose -4*l + 6*l + 12 = 0. Let v be -12 + (0 - 3) - -2. Let m = l - v. List the prime factors of m.
7
Let v = 7 + -4. Suppose 0 = v*w + 2*m - 17, 15 = -2*w + 2*m + 43. Let q = w - 3. List the prime factors of q.
2, 3
Suppose -3*s = -l, -4*l = l. Suppose s = q - 3 + 2. Let a = q - -1. List the prime factors of a.
2
Let p be (9/(-12) + 1)*68. Suppose 22*m - 285 = p*m. List the prime factors of m.
3, 19
Let n(k) = 14*k**3 - 2*k**2 + 2*k - 1. Let a be (-69)/(-15) - (-4)/10. Suppose 0 = -4*v - 4, -4*v - 2 = -a*h + 7. List the prime factors of n(h).
13
Suppose 220 = 5*r + 50. Let h = r - 0. What are the prime factors of h?
2, 17
Let b be (6 - 2) + -2 + -2. Suppose b = 5*d - 2*d + 36. Let a = 21 + d. What are the prime factors of a?
3
Let m(v) = v. Let x(t) = -t**2 - 4*t + 4. Let r(k) = -6*m(k) - x(k). Let p be r(4). Suppose o + 2 = 2*u + p*o, -5*o = 2*u + 6. List the prime factors of u.
7
What are the prime factors of (-2)/3 + 600/9?
2, 3, 11
Let u = 8 - 5. Let b(h) = -h - 8 + 4*h + u. List the prime factors of b(4).
7
Let j(v) = 11*v + 2. Let w be j(2). Suppose -4*g + w = -0*g. List the prime factors of g.
2, 3
Suppose -3*d + 8*d - 15 = 0. Let a = d + 40. Let q = a - 31. List the prime factors of q.
2, 3
Suppose 3*r - 3*m - 26 = -m, 4*r = -2*m + 30. Let y(d) = -d + 5. Let s be y(r). Let b(v) = -2*v**3 - 3*v**2 + v - 4. What are the prime factors of b(s)?
2, 5
List the prime factors of ((-1)/2)/(24/(-8544)).
2, 89
Suppose -2*v + 28 = 2*a, a - 24 = v + 3*v. Suppose -a = -2*x - 4*b, 4*x - 3*b - 97 = 2*b. Let z = x - 6. What are the prime factors of z?
2, 3
Suppose 5*u + 2*w - 29 = 0, -u + 5*u - w = 31. What are the prime factors of u?
7
Suppose i - 2*i = -3*n - 88, -5*i + 5*n = -430. Suppose 0 = d - g - 11, 6*d - d + 5*g - i = 0. Suppose 5*j = 7*j - d. What are the prime factors of j?
7
Let z(q) = -2*q - 8. Let g be z(-16). Suppose -21*m = -g*m + 63. List the prime factors of m.
3, 7
Let m(q) = -57*q - 12. List the prime factors of m(-6).
2, 3, 5, 11
Let v = -1 - -1. Suppose v = 3*i - 0*i + 54. Let s = i + 25. List the prime factors of s.
7
Let n be (-1 - 3)/(-1 - -2). Let l(k) = 2*k - 2*k - 3*k**2 + k - 4*k**3 + 3*k**3 + 2. List the prime factors of l(n).
2, 7
Let l be (5/(-5))/(1/(-17)). Let b(w) = w**3 + 6*w**2 - 5. Let k be b(-6). Let g = k + l. What are the prime factors of g?
2, 3
Let m(a) = -a**3 + 9*a**2 - a + 10. Let r be m(9). What are the prime factors of (-1 + 2)*r - -6?
7
Suppose 5*i + v - 95 = 6*v, 54 = 2*i + 2*v. Let z = 13 - i. Let j = 16 + z. List the prime factors of j.
2, 3
Suppose -3*d = -0 - 3. Let j(l) = -l + 2*l + 38*l**3 - 2*l**2 - 33*l**3. List the prime factors of j(d).
2
Suppose -4*s + 2*l + 2 = 0, 9 - 21 = -3*s - 2*l. List the prime factors of s/(-8)*-4 + 36.
37
Suppose 3*f - 9 = 6*f. Let q(x) be the third derivative of x**5/30 + x**4/6 + x**3/3 + 4*x**2. List the prime factors of q(f).
2
Suppose 5*w + x + 96 = -2*x, 5*w + 100 = -5*x. What are the prime factors of 1/((-2)/(w/1))?
3
Let j(i) = -i**2 + 4*i + 3 + 4*i**2 + 4*i. Let k be j(-5). Suppose -4*d - 16 = -2*t + t, 5*t + d - k = 0. List the prime factors of t.
2
Suppose 0 = r + l - 60, -r + 68 = 3*l - 2. What are the prime factors of r?
5, 11
Let h(z) = z**2 - 2*z. Let w be h(2). Suppose 0*b - 2*b + 10 = w. Suppose 2*d - 16 = -s - 0*s, -b*s + 24 = 3*d. List the prime factors of d.
2
Let g = 142 + -28. What are the prime factors of g?
2, 3, 19
Let z(i) = 2*i**2 + 4*i + 2. Let d be z(-2). Suppose w - 5*w = d*p + 1036, 0 = 3*w + 3*p + 780. List the prime factors of w/(-30) + (-2)/(-5).
3
Let o = -17 - -16. What are the prime factors of 11/(o/(-12)*3)?
2, 11
Suppose 2*s + 104 = -3*b, s = -0*b + 3*b + 92. Let v = 13 - b. Suppose -3*i + v = 9. What are the prime factors of i?
2, 3
Let d = 83 + -59. What are the prime factors of d?
2, 3
Suppose 0 = z + 1 - 25. What are the prime factors of z?
2, 3
Let t = -2 + 9. Suppose t*w = 5*w + 110. List the prime factors of w.
5, 11
Suppose -r = 3*r - 96. Suppose 2*j = -j + r. List the prime factors of j.
2
List the prime factors of 4*((-2247)/(-6))/(-7)*-1.
2, 107
Suppose -104 = -2*g - 2*o, -2*g + 5*g - o - 148 = 0. Suppose g = 6*c - c. Suppose a + 4*k = 0, -4*k - c = 2. What are the prime factors of a?
2, 3
Let j = -81 + 147. List the prime factors of j.
2, 3, 11
Let n be (0 - 0) + 43/(-1). Let x = 91 + n. Suppose -4*k + 4*z = -0*k - x, -36 = -3*k - 3*z. What are the prime factors of k?
2, 3
Suppose 12 = 5*z - 2*j, -2*z + 6*j - 4*j = -6. Suppose -z*g + 33 = -5*b, 5*g = -2*b - b + 5. What are the prime factors of g?
2
Let s(q) = 5*q - 7. List the prime factors of s(11).
2, 3
Let v(d) = -d**2 - 11*d - 2. What are the prime factors of v(-6)?
2, 7
Let z(g) = -g**2 + 15*g - 12. Let s be z(14). List the prime factors of s/4*(42 - -4).
23
Suppose 82 = 71*n - 70*n. What are the prime factors of n?
2, 41
Let h(k) = 12*k + 2. Let c be h(-4). Let b = -19 - c. List the prime factors of (b/(-12))/(3/(-8)).
2, 3
Suppose -396 = -0*v - 3*v + 2*q, 6 = -2*q. What are the prime factors of v?
2, 5, 13
Let z be 3/(6/(-40)*1). Let a = z - -10. List the prime factors of a - -7 - (1 + -12).
2
Suppose 111 - 21 = -3*j. Let h = 18 - j. What are the prime factors of h?
2, 3
Suppose -5*g = -3*i - 2*g - 15, 5*i + 65 = -3*g. Let p be (-5)/(i/8)*-1. Let q = 1 - p. List the prime factors of q.
5
Let x = -11 - -21. Let f be (x/4)/((-6)/(-12)). Let k = f - -4. List the prime factors of k.
3
Let y be